- 108. List the prime factors of t.
2, 3
Let s(n) = 4*n - 1. Suppose -d + 2*v - 7 = -0*v, 2*d - 2*v + 6 = 0. Let k be s(d). Suppose 0*q + 39 = k*q. What are the prime factors of q?
13
Let v(l) = l**3 + 7*l**2 - 2. Let c be v(-5). Suppose -h + c = -45. Let s = 145 - h. What are the prime factors of s?
2, 13
Suppose 3*d - 84 = d. Let n = -12 + d. List the prime factors of n.
2, 3, 5
Let v be (6/(-4) - -2)*16. Suppose -2*w + 24 = -6*w. List the prime factors of (v/w)/(4/(-66)).
2, 11
Suppose -93 = -r + 3*a + 2*a, 5*r = -3*a + 493. List the prime factors of r.
2, 7
Let d = 208 + -61. Suppose 5*b - d = 2*b. List the prime factors of b.
7
Let a(u) = 10*u + 16. Let g be a(8). Suppose 3*r = 2*r + g. List the prime factors of r.
2, 3
Let a(r) = -605*r + 254. List the prime factors of a(-5).
3, 1093
Let d be 4/1 + 18/3. Let h = d - -20. What are the prime factors of h?
2, 3, 5
Let s(x) = -x**3 - x. Let i(b) = 3*b**3 + 2*b**2 - 6. Let a(h) = -i(h) - 2*s(h). List the prime factors of a(-5).
71
Let i = 901 - -1830. What are the prime factors of i?
2731
Let c(n) be the second derivative of 5*n**4/12 + n**3/3 + n**2/2 - 4*n. Let d be c(-1). Suppose -2*i = -12 + d. What are the prime factors of i?
2
Let u(t) = t - 37. Let s be u(22). List the prime factors of 724/10 - (-6)/s.
2, 3
Let q be ((-8)/3)/((-3)/9). Let r = -72 - -217. Suppose q*n - 13*n = -r. List the prime factors of n.
29
Suppose p - 3*n - 624 = 0, -p - 4*p + 3020 = 5*n. What are the prime factors of p?
3, 7, 29
Suppose 4*t - o = o + 10, 3*o = -4*t - 15. Let a = 64 - t. What are the prime factors of a?
2
Suppose 0 = 7*w - 3*w + k - 1433, -4*k - 712 = -2*w. List the prime factors of w.
2, 179
Let g be (-2)/(-8) + (-28)/(-16). Suppose -g*i + 7 = 3*l, -l + 0*l = -1. Suppose 0 = i*k + 3*k, -4*v + 180 = -5*k. List the prime factors of v.
3, 5
Let r = -83 + 87. What are the prime factors of 308/8 + (-2)/r?
2, 19
Suppose k - 3 - 61 = 0. Let r = k - 8. Suppose 2*u - r = -u + 4*o, -u + 22 = 2*o. What are the prime factors of u?
2, 5
Let a be 3 + 2 + -4 + -5. List the prime factors of 38 + (1 - a - 1)/2.
2, 5
Suppose 2*v - 2 = s, -3 = 2*s - 5*v + 2. Let j(c) = -c + 1. Let d be j(-2). Suppose d*r = -s*r + 129. What are the prime factors of r?
43
Let w = 535 - 375. What are the prime factors of w?
2, 5
Let p(x) be the third derivative of -x**6/60 - x**5/60 + 7*x**4/24 + 4*x**3/3 + 2*x**2. What are the prime factors of p(-4)?
2, 23
Let q(t) = t**2 - 6*t - 37. Let w be q(-4). Suppose w*r - 195 = 21. List the prime factors of r.
2, 3
Let s be (-4)/1 - 6/6. List the prime factors of -1 - (-113 - (-4 - s)).
113
Suppose -10*a = 62 - 3582. Suppose 0 = -5*k + n + a, 4*n = 3*k + 2*k - 343. What are the prime factors of k?
71
Suppose 3*x - 2*a = -598, -141 = -5*x - 5*a - 1146. What are the prime factors of ((-6)/(-15))/((-2)/x)?
2, 5
Let g = 308 + 462. List the prime factors of g.
2, 5, 7, 11
Suppose 2 = a - 3. Let j(o) be the first derivative of -o**4/4 + 2*o**3 + o**2/2 - 2*o + 5. List the prime factors of j(a).
2, 7
Let j = -4 - -4. Let m(o) = j*o**3 + 7 - 3*o**3 + 4*o**3 - 5*o - 3*o**2 + 0*o**2. List the prime factors of m(5).
2
Suppose -3*l = 2*b + 126, 0 = 4*b + 2*l - 24 + 292. What are the prime factors of -3 + -1 + 0 - b?
5, 13
Suppose 30*y - 32075 + 2315 = 0. List the prime factors of y.
2, 31
Let m(l) = -l**3 - l**2 + 1. Let g be m(-2). Suppose -108 - 47 = -g*d. List the prime factors of d.
31
What are the prime factors of 0 + 0 - (-102 + -4)?
2, 53
Suppose -k + 2 = -3*j, 0*k + 26 = 3*k + j. Let u be (-14)/k - 4/16. Let w(z) = -2*z**3 + z. What are the prime factors of w(u)?
2, 7
Suppose 4*q + 24 = 2*b, 5*q + 0*q = -20. Suppose 120 = b*c + c. What are the prime factors of (-2*2)/(-4)*c?
2, 3
Let q = 1089 + -735. What are the prime factors of q?
2, 3, 59
Let u = 259 + -118. Suppose -u = 7*h - 10*h. List the prime factors of h.
47
Let r be (-42)/(-5) - 22/55. What are the prime factors of ((-4)/r)/(1/(-84))?
2, 3, 7
Let a be (39/12)/(1/8). Let n = 45 - a. What are the prime factors of n?
19
Suppose 24*x + 7 = 25*x. Suppose 0 = -5*u + x*u - 38. List the prime factors of u.
19
Suppose 0 = -3*u - 2*u + f + 115, -3*u + 67 = -f. What are the prime factors of u*(4/(32/(-14)) - -3)?
2, 3, 5
Suppose 2*g = -5*k + 2977, 5*g - 4*g = 1. What are the prime factors of k?
5, 7, 17
Suppose -o + 3*z = -2*o + 9, 3*z + 3 = o. Let b(w) = -8 - o*w + w**2 + 3*w + w - w. List the prime factors of b(5).
2
Suppose 20*s - 3834 = 11606. List the prime factors of s.
2, 193
Let z(y) = -2*y**3 - 6*y**2 + 20*y - 4. Let q be z(-7). Let b = 54 + q. What are the prime factors of b?
2, 151
Suppose 0 = -4*q + 3*f + 3367 + 589, 2*q - 4*f - 1988 = 0. What are the prime factors of q?
2, 17, 29
Suppose 15 = 3*l, l - 138 = 2*v - 7. Let x = v + 183. List the prime factors of x.
2, 3, 5
Suppose 0 = 3*d - 5*y - 19, -3*d - 2*y = -y - 25. Suppose -3*z + d*z = 40. What are the prime factors of z?
2
Let b be ((-870)/8)/(21/(-56)). Let v = -137 + b. List the prime factors of v.
3, 17
Let u = -157 - -510. What are the prime factors of u?
353
Let j(w) = w**3 + 20*w**2 - 49*w + 25. What are the prime factors of j(-21)?
613
List the prime factors of 7461*((-2)/12)/((-12)/24).
3, 829
Suppose 2*y + o + 24 = -2*o, 2*y - 5*o + 8 = 0. Let j(m) = -4*m**2 + 0*m**2 - 4*m**2 - m**3 - 2 + 5*m. What are the prime factors of j(y)?
2, 17
Suppose 2*q - 6*q + 80 = 0. Let v = q + -22. Let n = v + 31. List the prime factors of n.
29
Suppose 3*k + 9 = 4*z - 8*z, -2*k - 26 = -4*z. Let c(w) be the second derivative of -w**5/20 - 7*w**4/12 + 5*w**2 - 7*w. What are the prime factors of c(k)?
2, 5
Suppose 6*u - 15 = u. Let x(i) = 10*i**3 - u*i - i + i**2 - 5*i**3 + 2*i**2 + 2. What are the prime factors of x(2)?
2, 23
What are the prime factors of (3/(-9))/((-11)/206844*4)?
1567
Let r be (21/35)/((-1)/(-10)). Let g = r - -14. What are the prime factors of g?
2, 5
Suppose -715 = -x - 4*f, -5*x - 354 = -3*f - 3883. List the prime factors of x.
7, 101
Suppose 16 - 31 = -3*y. Suppose 0 = -y*v + 7*v - 130. What are the prime factors of v?
5, 13
Let h(b) = -2*b**3 - 5*b - 4. Let g be h(-2). Suppose -v = -111 - g. What are the prime factors of v?
7, 19
Suppose 5*l - 22 = -7. Let w = 3 + 17. Suppose -l*h + 3 - 4 = 2*g, 0 = -4*g - w. What are the prime factors of h?
3
Suppose 0 = -28*f + 29*f - 1849. What are the prime factors of f?
43
Suppose -z + 4*v - 15 = 0, z + v - 20 = -2*z. Let p(s) = 2*s - 6. What are the prime factors of p(z)?
2
Let o(u) = 3*u**3 - 11*u**2 + u - 3. List the prime factors of o(8).
3, 31
Let z = -69 + 60. List the prime factors of ((-3)/(-2))/(z/(-24)).
2
Suppose 190*b = 186*b + 204. List the prime factors of b.
3, 17
Let z = 24 + -24. Suppose z*v = 3*v. Suppose v = -y + 4*w + 51, -3*w = -0*y - y + 54. List the prime factors of y.
3, 7
Let a(f) = -2*f**2 + 12*f + 10. Let r be a(7). Let d(u) = -8*u + 1. List the prime factors of d(r).
3, 11
Let x = -11 + 14. Suppose x*a + 5*d - 42 = a, -a + 27 = 4*d. List the prime factors of a.
11
Suppose 59 = -3*a + 5*c, -5*c = -2*c + 6. Let r = a - -25. Suppose -r*p - 2*p - 108 = -2*h, -127 = -3*h - p. What are the prime factors of h?
2, 11
Let u(w) = w**3 + 36*w**2 + 66*w - 145. List the prime factors of u(-22).
5179
Let m(g) = g**2 - 10*g + 646. List the prime factors of m(0).
2, 17, 19
Suppose 0 = 7*v - 4537 - 5711. List the prime factors of v.
2, 3, 61
Let d = 7 + -19. Let a = 21 + d. Suppose -5*p = -34 + a. List the prime factors of p.
5
Let a be (-86)/11 - 6/33. List the prime factors of a/(-10)*1225/14.
2, 5, 7
Suppose 0 = -0*n + 6*n - 276. List the prime factors of (n/6)/((-14)/(-546)).
13, 23
Suppose -404 = -4*y + 4*a, -3*y - 3*a + 2*a + 319 = 0. Suppose -r = -2, 58 = -6*h + 2*h + 5*r. List the prime factors of -4*(y/h - 0).
5, 7
Let a be -7 - 25/(-5) - 16. What are the prime factors of (a/15 + 1)*-535?
107
Let m be (-2 + 50)/(18/96). Let h be 2/(-5) + m/40. Suppose 2*x - h*u + u = 129, -222 = -4*x - 2*u. What are the prime factors of x?
3, 19
Suppose 0 = -5*r + 25, -6*r = 5*u - r - 15. Suppose 2*z - 10 = 2*g - g, -3*z = 2*g - 8. List the prime factors of (2/z)/(u/(-176)).
2, 11
Let b(h) = -3*h - 13. Let x(w) = 9*w + 38. Let d(v) = 11*b(v) + 4*x(v). What are the prime factors of d(7)?
2, 3, 5
Suppose -3443 = -2*h - 3*p, 3